{"id":625,"date":"2021-03-07T17:26:15","date_gmt":"2021-03-07T17:26:15","guid":{"rendered":"http:\/\/dominlyon.com\/?page_id=625"},"modified":"2021-07-03T09:58:07","modified_gmt":"2021-07-03T07:58:07","slug":"actualites","status":"publish","type":"page","link":"https:\/\/dominlyon.com\/index.php\/actualites\/","title":{"rendered":"Actualit\u00e9s"},"content":{"rendered":"<ul class=\"wp-block-latest-posts__list wp-block-latest-posts\"><li><div class=\"wp-block-latest-posts__featured-image aligncenter\"><a href=\"https:\/\/dominlyon.com\/index.php\/2023\/05\/29\/exposition-halle-des-arts\/\" aria-label=\"Exposition Halle des Arts\"><img fetchpriority=\"high\" decoding=\"async\" width=\"1024\" height=\"218\" src=\"https:\/\/dominlyon.com\/wp-content\/uploads\/2023\/05\/titre_general-1024x218.jpg\" class=\"attachment-large size-large wp-post-image\" alt=\"\" style=\"\" srcset=\"https:\/\/dominlyon.com\/wp-content\/uploads\/2023\/05\/titre_general-1024x218.jpg 1024w, https:\/\/dominlyon.com\/wp-content\/uploads\/2023\/05\/titre_general-300x64.jpg 300w, https:\/\/dominlyon.com\/wp-content\/uploads\/2023\/05\/titre_general-768x163.jpg 768w, https:\/\/dominlyon.com\/wp-content\/uploads\/2023\/05\/titre_general.jpg 1280w\" sizes=\"(max-width: 1024px) 100vw, 1024px\" \/><\/a><\/div><a class=\"wp-block-latest-posts__post-title\" href=\"https:\/\/dominlyon.com\/index.php\/2023\/05\/29\/exposition-halle-des-arts\/\">Exposition Halle des Arts<\/a><div class=\"wp-block-latest-posts__post-excerpt\">En 2023, Domin-Lyon rejoint la Halle des Arts, un collectif d&rsquo;artistes : Peintres, Sculpteurs et Photographes r\u00e9alisant des expositions toute l&rsquo;ann\u00e9e dans l&rsquo;Ouest Lyonnais. Je vous pr\u00e9senterais lors de chaque exposition une s\u00e9lection de tirages r\u00e9alis\u00e9s en tirage limit\u00e9. Prochaines dates : 3 Juin 2023 \u00e0 Marcy l&rsquo;Etoile. Place de la Halle de 10h \u00e0 18h en partenariat avec l&rsquo;association\u2026 <a class=\"wp-block-latest-posts__read-more\" href=\"https:\/\/dominlyon.com\/index.php\/2023\/05\/29\/exposition-halle-des-arts\/\" rel=\"noopener noreferrer\">Lire la suite<span class=\"screen-reader-text\">\u00a0: Exposition Halle des Arts<\/span><\/a><\/div><\/li>\n<\/ul>\n\n\n<hr class=\"wp-block-separator is-style-wide\"\/>\n\n\n<ul class=\"wp-block-latest-posts__list wp-block-latest-posts\"><li><div class=\"wp-block-latest-posts__featured-image alignright\"><a href=\"https:\/\/dominlyon.com\/index.php\/2023\/05\/29\/exposition-halle-des-arts\/\" aria-label=\"Exposition Halle des Arts\"><img decoding=\"async\" width=\"150\" height=\"150\" src=\"https:\/\/dominlyon.com\/wp-content\/uploads\/2023\/05\/titre_general-150x150.jpg\" class=\"attachment-thumbnail size-thumbnail wp-post-image\" alt=\"\" style=\"max-width:150px;max-height:150px;\" srcset=\"https:\/\/dominlyon.com\/wp-content\/uploads\/2023\/05\/titre_general-150x150.jpg 150w, https:\/\/dominlyon.com\/wp-content\/uploads\/2023\/05\/titre_general-50x50.jpg 50w\" sizes=\"(max-width: 150px) 100vw, 150px\" \/><\/a><\/div><a class=\"wp-block-latest-posts__post-title\" href=\"https:\/\/dominlyon.com\/index.php\/2023\/05\/29\/exposition-halle-des-arts\/\">Exposition Halle des Arts<\/a><div class=\"wp-block-latest-posts__post-excerpt\">En 2023, Domin-Lyon rejoint la Halle des Arts, un collectif d&rsquo;artistes : Peintres, Sculpteurs et Photographes r\u00e9alisant des expositions toute l&rsquo;ann\u00e9e dans l&rsquo;Ouest Lyonnais. Je vous pr\u00e9senterais lors de chaque exposition une s\u00e9lection de tirages r\u00e9alis\u00e9s en tirage limit\u00e9. Prochaines dates : 3 Juin 2023 \u00e0 Marcy l&rsquo;Etoile. Place de la Halle de 10h \u00e0\u2026 <a class=\"wp-block-latest-posts__read-more\" href=\"https:\/\/dominlyon.com\/index.php\/2023\/05\/29\/exposition-halle-des-arts\/\" rel=\"noopener noreferrer\">Lire la suite<span class=\"screen-reader-text\">\u00a0: Exposition Halle des Arts<\/span><\/a><\/div><\/li>\n<li><div class=\"wp-block-latest-posts__featured-image alignright\"><a href=\"https:\/\/dominlyon.com\/index.php\/2022\/11\/12\/exposition-au-grez-des-arts-26-novembre-2022\/\" aria-label=\"Exposition Au Grez des Arts 26 novembre 2022\"><img decoding=\"async\" width=\"150\" height=\"106\" src=\"https:\/\/dominlyon.com\/wp-content\/uploads\/2022\/11\/MARCHE-DE-NOEL-2022-affiche-pdf-150x106.jpg\" class=\"attachment-thumbnail size-thumbnail wp-post-image\" alt=\"\" style=\"max-width:150px;max-height:150px;\" \/><\/a><\/div><a class=\"wp-block-latest-posts__post-title\" href=\"https:\/\/dominlyon.com\/index.php\/2022\/11\/12\/exposition-au-grez-des-arts-26-novembre-2022\/\">Exposition Au Grez des Arts 26 novembre 2022<\/a><div class=\"wp-block-latest-posts__post-excerpt\">Retrouvez DomIn-Lyon le 26 novembre 2022 pour une nouvelle exposition photo : Montagne, Ville, Orages\u2026 \u00e0 l&rsquo;occasion du March\u00e9 de No\u00ebl de l&rsquo;AEP. Il s\u2019agit de tirages d\u2019art r\u00e9alis\u00e9s \u00e0 Lyon, limit\u00e9s \u00e0 10 exemplaires num\u00e9rot\u00e9s et disponibles imm\u00e9diatement. Parmi les nouveaut\u00e9s, vous pourrez \u00e9galement d\u00e9couvrir des prises de vue r\u00e9alis\u00e9es par drone. Informations pratiques\u2026 <a class=\"wp-block-latest-posts__read-more\" href=\"https:\/\/dominlyon.com\/index.php\/2022\/11\/12\/exposition-au-grez-des-arts-26-novembre-2022\/\" rel=\"noopener noreferrer\">Lire la suite<span class=\"screen-reader-text\">\u00a0: Exposition Au Grez des Arts 26 novembre 2022<\/span><\/a><\/div><\/li>\n<li><div class=\"wp-block-latest-posts__featured-image alignright\"><a href=\"https:\/\/dominlyon.com\/index.php\/2022\/08\/28\/exposition-palette-des-talents-4-septembre-2022\/\" aria-label=\"Exposition Palette des Talents 4 septembre 2022\"><img loading=\"lazy\" decoding=\"async\" width=\"150\" height=\"150\" src=\"https:\/\/dominlyon.com\/wp-content\/uploads\/2022\/08\/DSC00703-sign-web-2-150x150.jpg\" class=\"attachment-thumbnail size-thumbnail wp-post-image\" alt=\"\" style=\"max-width:150px;max-height:150px;\" srcset=\"https:\/\/dominlyon.com\/wp-content\/uploads\/2022\/08\/DSC00703-sign-web-2-150x150.jpg 150w, https:\/\/dominlyon.com\/wp-content\/uploads\/2022\/08\/DSC00703-sign-web-2-640x640.jpg 640w, https:\/\/dominlyon.com\/wp-content\/uploads\/2022\/08\/DSC00703-sign-web-2-50x50.jpg 50w\" sizes=\"(max-width: 150px) 100vw, 150px\" \/><\/a><\/div><a class=\"wp-block-latest-posts__post-title\" href=\"https:\/\/dominlyon.com\/index.php\/2022\/08\/28\/exposition-palette-des-talents-4-septembre-2022\/\">Exposition Palette des Talents 4 septembre 2022<\/a><div class=\"wp-block-latest-posts__post-excerpt\">Retrouvez DomIn-Lyon le 4 septembre 2022 pour une nouvelle exposition photo : Montagne, Ville, Orages&#8230; Il s&rsquo;agit de tirages d&rsquo;art r\u00e9alis\u00e9s \u00e0 Lyon, limit\u00e9s \u00e0 10 exemplaires num\u00e9rot\u00e9s et disponibles imm\u00e9diatement Parmi les nouveaut\u00e9s, vous pourrez \u00e9galement d\u00e9couvrir des prises de vue r\u00e9alis\u00e9es par drone Informations pratiques : Horaire : de 9h \u00e0 13h Lieu\u2026 <a class=\"wp-block-latest-posts__read-more\" href=\"https:\/\/dominlyon.com\/index.php\/2022\/08\/28\/exposition-palette-des-talents-4-septembre-2022\/\" rel=\"noopener noreferrer\">Lire la suite<span class=\"screen-reader-text\">\u00a0: Exposition Palette des Talents 4 septembre 2022<\/span><\/a><\/div><\/li>\n<li><div class=\"wp-block-latest-posts__featured-image alignright\"><a href=\"https:\/\/dominlyon.com\/index.php\/2021\/07\/03\/exposition-palette-des-talents-4-juillet-2021\/\" aria-label=\"Exposition Palette des talents 4 juillet 2021\"><img loading=\"lazy\" decoding=\"async\" width=\"150\" height=\"150\" src=\"https:\/\/dominlyon.com\/wp-content\/uploads\/2021\/07\/IMGK9650-45x30-Plexi-a-litalienne-150x150.jpg\" class=\"attachment-thumbnail size-thumbnail wp-post-image\" alt=\"\" style=\"max-width:150px;max-height:150px;\" srcset=\"https:\/\/dominlyon.com\/wp-content\/uploads\/2021\/07\/IMGK9650-45x30-Plexi-a-litalienne-150x150.jpg 150w, https:\/\/dominlyon.com\/wp-content\/uploads\/2021\/07\/IMGK9650-45x30-Plexi-a-litalienne-640x640.jpg 640w, https:\/\/dominlyon.com\/wp-content\/uploads\/2021\/07\/IMGK9650-45x30-Plexi-a-litalienne-50x50.jpg 50w\" sizes=\"(max-width: 150px) 100vw, 150px\" \/><\/a><\/div><a class=\"wp-block-latest-posts__post-title\" href=\"https:\/\/dominlyon.com\/index.php\/2021\/07\/03\/exposition-palette-des-talents-4-juillet-2021\/\">Exposition Palette des talents 4 juillet 2021<\/a><div class=\"wp-block-latest-posts__post-excerpt\">Retrouvez Domin Lyon le 4 juillet pour une exposition rafraichissante. Il vous pr\u00e9sentera sur son stand une s\u00e9lection de photos de montagne et de ville disponibles imm\u00e9diatement en tirage limit\u00e9 de 10 exemplaires Informations pratiques : Horaire : de 9h \u00e0 13h Lieu : Promenade des tuileries \u00e0 Tassin la demi-Lune Entr\u00e9e libre Une exposition\u2026 <a class=\"wp-block-latest-posts__read-more\" href=\"https:\/\/dominlyon.com\/index.php\/2021\/07\/03\/exposition-palette-des-talents-4-juillet-2021\/\" rel=\"noopener noreferrer\">Lire la suite<span class=\"screen-reader-text\">\u00a0: Exposition Palette des talents 4 juillet 2021<\/span><\/a><\/div><\/li>\n<li><div class=\"wp-block-latest-posts__featured-image alignright\"><a href=\"https:\/\/dominlyon.com\/index.php\/2021\/06\/01\/exposition-palette-des-talents\/\" aria-label=\"Exposition Palette des Talents 6 juin 2021\"><img loading=\"lazy\" decoding=\"async\" width=\"150\" height=\"150\" src=\"https:\/\/dominlyon.com\/wp-content\/uploads\/2021\/06\/Illustration_sans_titre-150x150.jpg\" class=\"attachment-thumbnail size-thumbnail wp-post-image\" alt=\"\" style=\"max-width:150px;max-height:150px;\" srcset=\"https:\/\/dominlyon.com\/wp-content\/uploads\/2021\/06\/Illustration_sans_titre-150x150.jpg 150w, https:\/\/dominlyon.com\/wp-content\/uploads\/2021\/06\/Illustration_sans_titre-640x640.jpg 640w, https:\/\/dominlyon.com\/wp-content\/uploads\/2021\/06\/Illustration_sans_titre-50x50.jpg 50w\" sizes=\"(max-width: 150px) 100vw, 150px\" \/><\/a><\/div><a class=\"wp-block-latest-posts__post-title\" href=\"https:\/\/dominlyon.com\/index.php\/2021\/06\/01\/exposition-palette-des-talents\/\">Exposition Palette des Talents 6 juin 2021<\/a><div class=\"wp-block-latest-posts__post-excerpt\">Apr\u00e8s un an sans exposition pour cause de restrictions sanitaires, DomIn Lyon aura le plaisir de vous retrouver le dimanche 6 juin (et tous les premiers dimanche du mois) pour une exposition collective sur la Promenade des Tuileries \u00e0 Tassin la demi-Lune. Vous pourrez trouver sur son stand une s\u00e9lection de photos en tirage limit\u00e9.\u2026 <a class=\"wp-block-latest-posts__read-more\" href=\"https:\/\/dominlyon.com\/index.php\/2021\/06\/01\/exposition-palette-des-talents\/\" rel=\"noopener noreferrer\">Lire la suite<span class=\"screen-reader-text\">\u00a0: Exposition Palette des Talents 6 juin 2021<\/span><\/a><\/div><\/li>\n<li><div class=\"wp-block-latest-posts__featured-image alignright\"><a href=\"https:\/\/dominlyon.com\/index.php\/2020\/03\/13\/exposition-dune-rive-a-lautre\/\" aria-label=\"Exposition D&rsquo;une rive \u00e0 l&rsquo;autre\"><img loading=\"lazy\" decoding=\"async\" width=\"150\" height=\"150\" src=\"https:\/\/dominlyon.com\/wp-content\/uploads\/2021\/03\/Affiche-Dune-Rive_GF-150x150.jpg\" class=\"attachment-thumbnail size-thumbnail wp-post-image\" alt=\"\" style=\"max-width:150px;max-height:150px;\" srcset=\"https:\/\/dominlyon.com\/wp-content\/uploads\/2021\/03\/Affiche-Dune-Rive_GF-150x150.jpg 150w, https:\/\/dominlyon.com\/wp-content\/uploads\/2021\/03\/Affiche-Dune-Rive_GF-640x640.jpg 640w, https:\/\/dominlyon.com\/wp-content\/uploads\/2021\/03\/Affiche-Dune-Rive_GF-50x50.jpg 50w\" sizes=\"(max-width: 150px) 100vw, 150px\" \/><\/a><\/div><a class=\"wp-block-latest-posts__post-title\" href=\"https:\/\/dominlyon.com\/index.php\/2020\/03\/13\/exposition-dune-rive-a-lautre\/\">Exposition D&rsquo;une rive \u00e0 l&rsquo;autre<\/a><div class=\"wp-block-latest-posts__post-excerpt\">Exposition D&rsquo;une rive \u00e0 l&rsquo;autre du 13 mars au 30 mai 2020<\/div><\/li>\n<li><div class=\"wp-block-latest-posts__featured-image alignright\"><a href=\"https:\/\/dominlyon.com\/index.php\/2020\/01\/16\/exposition-une-lucarne-sur-ta-ville\/\" aria-label=\"Exposition Une lucarne sur ta ville\"><img loading=\"lazy\" decoding=\"async\" width=\"150\" height=\"150\" src=\"https:\/\/dominlyon.com\/wp-content\/uploads\/2021\/03\/Affiche-Lucarne-150x150.jpg\" class=\"attachment-thumbnail size-thumbnail wp-post-image\" alt=\"\" style=\"max-width:150px;max-height:150px;\" srcset=\"https:\/\/dominlyon.com\/wp-content\/uploads\/2021\/03\/Affiche-Lucarne-150x150.jpg 150w, https:\/\/dominlyon.com\/wp-content\/uploads\/2021\/03\/Affiche-Lucarne-640x640.jpg 640w, https:\/\/dominlyon.com\/wp-content\/uploads\/2021\/03\/Affiche-Lucarne-50x50.jpg 50w\" sizes=\"(max-width: 150px) 100vw, 150px\" \/><\/a><\/div><a class=\"wp-block-latest-posts__post-title\" href=\"https:\/\/dominlyon.com\/index.php\/2020\/01\/16\/exposition-une-lucarne-sur-ta-ville\/\">Exposition Une lucarne sur ta ville<\/a><div class=\"wp-block-latest-posts__post-excerpt\">Exposition collective d&rsquo;artistes plasticiens et photographes au Cartel, Lyon du 16 au 18 janvier 2020<\/div><\/li>\n<li><div class=\"wp-block-latest-posts__featured-image alignright\"><a href=\"https:\/\/dominlyon.com\/index.php\/2019\/10\/26\/exposition-grave-y-cimes\/\" aria-label=\"Exposition Grave Y Cimes\"><img loading=\"lazy\" decoding=\"async\" width=\"150\" height=\"150\" src=\"https:\/\/dominlyon.com\/wp-content\/uploads\/2021\/03\/affiche-3_GF-150x150.jpg\" class=\"attachment-thumbnail size-thumbnail wp-post-image\" alt=\"\" style=\"max-width:150px;max-height:150px;\" srcset=\"https:\/\/dominlyon.com\/wp-content\/uploads\/2021\/03\/affiche-3_GF-150x150.jpg 150w, https:\/\/dominlyon.com\/wp-content\/uploads\/2021\/03\/affiche-3_GF-640x640.jpg 640w, https:\/\/dominlyon.com\/wp-content\/uploads\/2021\/03\/affiche-3_GF-50x50.jpg 50w\" sizes=\"(max-width: 150px) 100vw, 150px\" \/><\/a><\/div><a class=\"wp-block-latest-posts__post-title\" href=\"https:\/\/dominlyon.com\/index.php\/2019\/10\/26\/exposition-grave-y-cimes\/\">Exposition Grave Y Cimes<\/a><div class=\"wp-block-latest-posts__post-excerpt\">Du 26 octobre au 30 novembre 2019<\/div><\/li>\n<li><div class=\"wp-block-latest-posts__featured-image alignright\"><a href=\"https:\/\/dominlyon.com\/index.php\/2019\/03\/01\/exposition-idees-noires-pour-nuit-blanche\/\" aria-label=\"Exposition Id\u00e9es noires pour nuit blanche\"><img loading=\"lazy\" decoding=\"async\" width=\"150\" height=\"150\" src=\"https:\/\/dominlyon.com\/wp-content\/uploads\/2021\/03\/Affiche-Idees-Noires-150x150.jpg\" class=\"attachment-thumbnail size-thumbnail wp-post-image\" alt=\"\" style=\"max-width:150px;max-height:150px;\" srcset=\"https:\/\/dominlyon.com\/wp-content\/uploads\/2021\/03\/Affiche-Idees-Noires-150x150.jpg 150w, https:\/\/dominlyon.com\/wp-content\/uploads\/2021\/03\/Affiche-Idees-Noires-640x640.jpg 640w, https:\/\/dominlyon.com\/wp-content\/uploads\/2021\/03\/Affiche-Idees-Noires-50x50.jpg 50w\" sizes=\"(max-width: 150px) 100vw, 150px\" \/><\/a><\/div><a class=\"wp-block-latest-posts__post-title\" href=\"https:\/\/dominlyon.com\/index.php\/2019\/03\/01\/exposition-idees-noires-pour-nuit-blanche\/\">Exposition Id\u00e9es noires pour nuit blanche<\/a><div class=\"wp-block-latest-posts__post-excerpt\">Exposition Id\u00e9es noires pour nuit blanche du 1er mars 2019 au 12 avril 2019<\/div><\/li>\n<\/ul>","protected":false},"excerpt":{"rendered":"","protected":false},"author":1,"featured_media":0,"parent":0,"menu_order":0,"comment_status":"closed","ping_status":"closed","template":"","meta":{"site-sidebar-layout":"default","site-content-layout":"default","ast-site-content-layout":"","site-content-style":"default","site-sidebar-style":"default","ast-global-header-display":"","ast-banner-title-visibility":"","ast-main-header-display":"","ast-hfb-above-header-display":"","ast-hfb-below-header-display":"","ast-hfb-mobile-header-display":"","site-post-title":"","ast-breadcrumbs-content":"","ast-featured-img":"","footer-sml-layout":"","theme-transparent-header-meta":"default","adv-header-id-meta":"","stick-header-meta":"","header-above-stick-meta":"","header-main-stick-meta":"","header-below-stick-meta":"","astra-migrate-meta-layouts":"default","ast-page-background-enabled":"default","ast-page-background-meta":{"desktop":{"background-color":"","background-image":"","background-repeat":"repeat","background-position":"center center","background-size":"auto","background-attachment":"scroll","background-type":"","background-media":"","overlay-type":"","overlay-color":"","overlay-opacity":"","overlay-gradient":""},"tablet":{"background-color":"","background-image":"","background-repeat":"repeat","background-position":"center center","background-size":"auto","background-attachment":"scroll","background-type":"","background-media":"","overlay-type":"","overlay-color":"","overlay-opacity":"","overlay-gradient":""},"mobile":{"background-color":"","background-image":"","background-repeat":"repeat","background-position":"center center","background-size":"auto","background-attachment":"scroll","background-type":"","background-media":"","overlay-type":"","overlay-color":"","overlay-opacity":"","overlay-gradient":""}},"ast-content-background-meta":{"desktop":{"background-color":"var(--ast-global-color-5)","background-image":"","background-repeat":"repeat","background-position":"center center","background-size":"auto","background-attachment":"scroll","background-type":"","background-media":"","overlay-type":"","overlay-color":"","overlay-opacity":"","overlay-gradient":""},"tablet":{"background-color":"var(--ast-global-color-5)","background-image":"","background-repeat":"repeat","background-position":"center center","background-size":"auto","background-attachment":"scroll","background-type":"","background-media":"","overlay-type":"","overlay-color":"","overlay-opacity":"","overlay-gradient":""},"mobile":{"background-color":"var(--ast-global-color-5)","background-image":"","background-repeat":"repeat","background-position":"center center","background-size":"auto","background-attachment":"scroll","background-type":"","background-media":"","overlay-type":"","overlay-color":"","overlay-opacity":"","overlay-gradient":""}},"footnotes":""},"class_list":["post-625","page","type-page","status-publish","hentry"],"_links":{"self":[{"href":"https:\/\/dominlyon.com\/index.php\/wp-json\/wp\/v2\/pages\/625","targetHints":{"allow":["GET"]}}],"collection":[{"href":"https:\/\/dominlyon.com\/index.php\/wp-json\/wp\/v2\/pages"}],"about":[{"href":"https:\/\/dominlyon.com\/index.php\/wp-json\/wp\/v2\/types\/page"}],"author":[{"embeddable":true,"href":"https:\/\/dominlyon.com\/index.php\/wp-json\/wp\/v2\/users\/1"}],"replies":[{"embeddable":true,"href":"https:\/\/dominlyon.com\/index.php\/wp-json\/wp\/v2\/comments?post=625"}],"version-history":[{"count":7,"href":"https:\/\/dominlyon.com\/index.php\/wp-json\/wp\/v2\/pages\/625\/revisions"}],"predecessor-version":[{"id":1057,"href":"https:\/\/dominlyon.com\/index.php\/wp-json\/wp\/v2\/pages\/625\/revisions\/1057"}],"wp:attachment":[{"href":"https:\/\/dominlyon.com\/index.php\/wp-json\/wp\/v2\/media?parent=625"}],"curies":[{"name":"wp","href":"https:\/\/api.w.org\/{rel}","templated":true}]}}